{"id":999,"date":"2016-01-26T10:59:10","date_gmt":"2016-01-26T09:59:10","guid":{"rendered":"http:\/\/cereco.net\/web\/?page_id=999"},"modified":"2022-08-18T11:23:24","modified_gmt":"2022-08-18T10:23:24","slug":"presentation","status":"publish","type":"page","link":"https:\/\/cereco.net\/web\/index.php\/presentation\/","title":{"rendered":"Qui sommes-nous ?"},"content":{"rendered":"\n<blockquote class=\"wp-block-quote is-style-default\"><p><strong>La Cellule Economique R\u00e9gionale de la Construction Grand Est<\/strong> &#x1f4ca;<\/p><cite>Association r\u00e9gie par la loi du 19 avril 1908. Connue sous le nom de CERC Grand Est depuis 2018, elle r\u00e9sulte de la fusion des Cellules Economiques R\u00e9gionales de la Construction des trois ex-r\u00e9gions : CEBTP Alsace, CERC Champagne-Ardenne et CERECO Lorraine, elles-m\u00eames cr\u00e9es dans les ann\u00e9es 70 sous l&rsquo;impulsion des pouvoirs publics et des professionnels de la Construction. <\/cite><\/blockquote>\n\n\n\n<hr class=\"wp-block-separator has-text-color has-background has-pale-cyan-blue-background-color has-pale-cyan-blue-color\"\/>\n\n\n\n<blockquote class=\"wp-block-quote\"><p><strong>Comment nous pr\u00e9senter<\/strong> ? &#x1f50a;<\/p><cite>La CERC est l&rsquo;<strong>observatoire r\u00e9gional de la fili\u00e8re Construction<\/strong> qui a pour but d&rsquo;apporter une connaissance \u00e9conomique objective et partag\u00e9e de l&rsquo;ensemble de la fili\u00e8re sur les territoires du Grand Est. Ainsi, nous produisons des outils d&rsquo;aides \u00e0 la d\u00e9cision qui permettent l&rsquo;analyse et le partage des informations via une collaborative active entre d&rsquo;une part les professionnels concern\u00e9s par l&rsquo;acte de construire et d&rsquo;autre part, l&rsquo;Etat et les collectivit\u00e9s locales. <\/cite><\/blockquote>\n\n\n\n<hr class=\"wp-block-separator has-text-color has-background has-pale-cyan-blue-background-color has-pale-cyan-blue-color\"\/>\n\n\n\n<blockquote class=\"wp-block-quote\"><p><strong>Notre sp\u00e9cificit\u00e9 <\/strong>&#x1f91d;<\/p><cite>Nous sommes la seule instance r\u00e9gionale \u00e0 r\u00e9unir tous les acteurs concern\u00e9s par l&rsquo;acte de construire : Etat, collectivit\u00e9s, bailleurs sociaux, professionnels du B\u00e2timent et des Travaux Publics, Industrie des mat\u00e9riaux &#8230;). En ce sens, la CERC constitue un <strong>lieu neutre de concertation et d&rsquo;\u00e9changes<\/strong> sur les th\u00e9matiques d&rsquo;\u00e9tudes &amp; l&rsquo;activit\u00e9 conjoncturelle de la fili\u00e8re. <\/cite><\/blockquote>\n\n\n\n<hr class=\"wp-block-separator has-text-color has-background has-pale-cyan-blue-background-color has-pale-cyan-blue-color is-style-default\"\/>\n\n\n\n<blockquote class=\"wp-block-quote\"><p><strong>Nos missions <\/strong>&#x1f4aa;&#x1f3fc;<\/p><cite>Notre slogan \u00ab\u00a0Mesurer. Anticiper.\u00a0\u00bb caract\u00e9rise bien notre raison d&rsquo;\u00eatre. La CERC produit un tronc commun d&rsquo;\u00e9tudes dans le cadre de son appartenance au R\u00e9seau des CERC et travaille \u00e9galement en collaboration avec ses partenaires publics et priv\u00e9s pour la r\u00e9alisation de commandes sur mesure (besoins sp\u00e9cifiques d&rsquo;\u00e9tudes, cr\u00e9ation d&rsquo;outils d&rsquo;aide \u00e0 la d\u00e9cision, livraison d&rsquo;outils techniques innovants, synth\u00e8ses et analyses \u00e9conomiques, animation territoriale &#8230;). Nos analyses neutres et objectives bas\u00e9es sur notre expertise locale d\u00e9coulent d&rsquo;une collecte de nombreuses sources de donn\u00e9es et de la r\u00e9alisation d&rsquo;enqu\u00eates expertes aupr\u00e8s des professionnels et des ma\u00eetres d&rsquo;ouvrages. <\/cite><\/blockquote>\n\n\n\n<hr class=\"wp-block-separator has-text-color has-background has-pale-cyan-blue-background-color has-pale-cyan-blue-color is-style-default\"\/>\n\n\n\n<blockquote class=\"wp-block-quote\"><p><strong>Domaines de travaux <\/strong>&#x26a0;<\/p><cite><li>Conjoncture &amp; activit\u00e9 \u00e9conomique de la Construction <\/li><br><li>Emploi, m\u00e9tiers et formation<\/li><br><li>Transition \u00e9nerg\u00e9tique &amp; B\u00e2timent durable <\/li><br><li>Commande Publique BTP<\/li><br><li>Infrastructures et r\u00e9seaux <\/li><\/cite><\/blockquote>\n\n\n\n<hr class=\"wp-block-separator has-text-color has-background has-pale-cyan-blue-background-color has-pale-cyan-blue-color is-style-default\"\/>\n\n\n\n<div style=\"height:11px\" aria-hidden=\"true\" class=\"wp-block-spacer\"><\/div>\n\n\n\n<blockquote class=\"wp-block-quote\"><p><strong>Notre r\u00e9seau<\/strong> &#x1f469;&#x200d;&#x1f4bb;<\/p><cite>La CERC Grand Est est membre du r\u00e9seau national des CERC, organis\u00e9 en Groupement d&rsquo;Int\u00e9r\u00eat Economique (GIE) depuis 2013 et regroupant l&rsquo;ensemble des observatoires du BTP. <\/cite><\/blockquote>\n\n\n\n<div class=\"wp-block-buttons is-content-justification-right\">\n<div class=\"wp-block-button has-custom-width wp-block-button__width-25 has-custom-font-size is-style-outline has-small-font-size\"><a class=\"wp-block-button__link has-pale-cyan-blue-color has-text-color\" href=\"https:\/\/cereco.net\/web\/index.php\/presentation-du-reseau-des-cerc\/\" style=\"border-radius:50px\">Pour en savoir plus sur le GIE<\/a><\/div>\n<\/div>\n\n\n\n<hr class=\"wp-block-separator has-text-color has-background has-pale-cyan-blue-background-color has-pale-cyan-blue-color is-style-default\"\/>\n\n\n\n<div class=\"wp-block-media-text alignwide has-black-color has-text-color\" style=\"grid-template-columns:15% auto\"><figure class=\"wp-block-media-text__media\"><img loading=\"lazy\" width=\"451\" height=\"642\" src=\"http:\/\/cereco.net\/web\/wp-content\/uploads\/2022\/08\/Plaquette_p1.png\" alt=\"\" class=\"wp-image-4007 size-full\" srcset=\"https:\/\/cereco.net\/web\/wp-content\/uploads\/2022\/08\/Plaquette_p1.png 451w, https:\/\/cereco.net\/web\/wp-content\/uploads\/2022\/08\/Plaquette_p1-211x300.png 211w\" sizes=\"(max-width: 451px) 100vw, 451px\" \/><\/figure><div class=\"wp-block-media-text__content\">\n<blockquote class=\"wp-block-quote\"><p><strong>Plaquette de la CERC Grand Est<\/strong> &#x1f4c3;<\/p><cite><a href=\"http:\/\/cereco.net\/web\/wp-content\/uploads\/2022\/08\/Plaquette-presentat\u00b0-VF.pdf\" target=\"_blank\" rel=\"noreferrer noopener\">T\u00e9l\u00e9chargez<\/a> notre plaquette de pr\u00e9sentation pour d\u00e9couvrir, faire d\u00e9couvrir et partager notre expertise dans vos r\u00e9seaux ! <\/cite><\/blockquote>\n<\/div><\/div>\n\n\n\n<hr class=\"wp-block-separator has-text-color has-background has-pale-cyan-blue-background-color has-pale-cyan-blue-color is-style-default\"\/>\n","protected":false},"excerpt":{"rendered":"<p>La Cellule Economique R\u00e9gionale de la Construction Grand Est &#x1f4ca; Association r\u00e9gie par la loi du 19 avril 1908. Connue sous le nom de CERC Grand Est depuis 2018, elle r\u00e9sulte de la fusion des Cellules Economiques R\u00e9gionales de la Construction des trois ex-r\u00e9gions : CEBTP Alsace, CERC Champagne-Ardenne et CERECO Lorraine, elles-m\u00eames cr\u00e9es dans [&hellip;]<\/p>\n","protected":false},"author":1,"featured_media":0,"parent":0,"menu_order":0,"comment_status":"closed","ping_status":"closed","template":"","meta":[],"_links":{"self":[{"href":"https:\/\/cereco.net\/web\/index.php\/wp-json\/wp\/v2\/pages\/999"}],"collection":[{"href":"https:\/\/cereco.net\/web\/index.php\/wp-json\/wp\/v2\/pages"}],"about":[{"href":"https:\/\/cereco.net\/web\/index.php\/wp-json\/wp\/v2\/types\/page"}],"author":[{"embeddable":true,"href":"https:\/\/cereco.net\/web\/index.php\/wp-json\/wp\/v2\/users\/1"}],"replies":[{"embeddable":true,"href":"https:\/\/cereco.net\/web\/index.php\/wp-json\/wp\/v2\/comments?post=999"}],"version-history":[{"count":15,"href":"https:\/\/cereco.net\/web\/index.php\/wp-json\/wp\/v2\/pages\/999\/revisions"}],"predecessor-version":[{"id":4157,"href":"https:\/\/cereco.net\/web\/index.php\/wp-json\/wp\/v2\/pages\/999\/revisions\/4157"}],"wp:attachment":[{"href":"https:\/\/cereco.net\/web\/index.php\/wp-json\/wp\/v2\/media?parent=999"}],"curies":[{"name":"wp","href":"https:\/\/api.w.org\/{rel}","templated":true}]}}

<blockquote class="wp-block-quote is-style-default"><p><strong>La Cellule Economique Régionale de la Construction Grand Est</strong> &#x1f4ca;</p><cite>Association régie par la loi du 19 avril 1908. Connue sous le nom de CERC Grand Est depuis 2018, elle résulte de la fusion des Cellules Economiques Régionales de la Construction des trois ex-régions : CEBTP Alsace, CERC Champagne-Ardenne et CERECO Lorraine, elles-mêmes crées dans les années 70 sous l&rsquo;impulsion des pouvoirs publics et des professionnels de la Construction. </cite></blockquote>



<hr class="wp-block-separator has-text-color has-background has-pale-cyan-blue-background-color has-pale-cyan-blue-color"/>



<blockquote class="wp-block-quote"><p><strong>Comment nous présenter</strong> ? &#x1f50a;</p><cite>La CERC est l&rsquo;<strong>observatoire régional de la filière Construction</strong> qui a pour but d&rsquo;apporter une connaissance économique objective et partagée de l&rsquo;ensemble de la filière sur les territoires du Grand Est. Ainsi, nous produisons des outils d&rsquo;aides à la décision qui permettent l&rsquo;analyse et le partage des informations via une collaborative active entre d&rsquo;une part les professionnels concernés par l&rsquo;acte de construire et d&rsquo;autre part, l&rsquo;Etat et les collectivités locales. </cite></blockquote>



<hr class="wp-block-separator has-text-color has-background has-pale-cyan-blue-background-color has-pale-cyan-blue-color"/>



<blockquote class="wp-block-quote"><p><strong>Notre spécificité </strong>&#x1f91d;</p><cite>Nous sommes la seule instance régionale à réunir tous les acteurs concernés par l&rsquo;acte de construire : Etat, collectivités, bailleurs sociaux, professionnels du Bâtiment et des Travaux Publics, Industrie des matériaux &#8230;). En ce sens, la CERC constitue un <strong>lieu neutre de concertation et d&rsquo;échanges</strong> sur les thématiques d&rsquo;études &amp; l&rsquo;activité conjoncturelle de la filière. </cite></blockquote>



<hr class="wp-block-separator has-text-color has-background has-pale-cyan-blue-background-color has-pale-cyan-blue-color is-style-default"/>



<blockquote class="wp-block-quote"><p><strong>Nos missions </strong>&#x1f4aa;&#x1f3fc;</p><cite>Notre slogan « Mesurer. Anticiper. » caractérise bien notre raison d&rsquo;être. La CERC produit un tronc commun d&rsquo;études dans le cadre de son appartenance au Réseau des CERC et travaille également en collaboration avec ses partenaires publics et privés pour la réalisation de commandes sur mesure (besoins spécifiques d&rsquo;études, création d&rsquo;outils d&rsquo;aide à la décision, livraison d&rsquo;outils techniques innovants, synthèses et analyses économiques, animation territoriale &#8230;). Nos analyses neutres et objectives basées sur notre expertise locale découlent d&rsquo;une collecte de nombreuses sources de données et de la réalisation d&rsquo;enquêtes expertes auprès des professionnels et des maîtres d&rsquo;ouvrages. </cite></blockquote>



<hr class="wp-block-separator has-text-color has-background has-pale-cyan-blue-background-color has-pale-cyan-blue-color is-style-default"/>



<blockquote class="wp-block-quote"><p><strong>Domaines de travaux </strong>&#x26a0;</p><cite><li>Conjoncture &amp; activité économique de la Construction </li><br><li>Emploi, métiers et formation</li><br><li>Transition énergétique &amp; Bâtiment durable </li><br><li>Commande Publique BTP</li><br><li>Infrastructures et réseaux </li></cite></blockquote>



<hr class="wp-block-separator has-text-color has-background has-pale-cyan-blue-background-color has-pale-cyan-blue-color is-style-default"/>



<div style="height:11px" aria-hidden="true" class="wp-block-spacer"></div>



<blockquote class="wp-block-quote"><p><strong>Notre réseau</strong> &#x1f469;&#x200d;&#x1f4bb;</p><cite>La CERC Grand Est est membre du réseau national des CERC, organisé en Groupement d&rsquo;Intérêt Economique (GIE) depuis 2013 et regroupant l&rsquo;ensemble des observatoires du BTP. </cite></blockquote>



<div class="wp-block-buttons is-content-justification-right">
<div class="wp-block-button has-custom-width wp-block-button__width-25 has-custom-font-size is-style-outline has-small-font-size"><a class="wp-block-button__link has-pale-cyan-blue-color has-text-color" href="https://cereco.net/web/index.php/presentation-du-reseau-des-cerc/" style="border-radius:50px">Pour en savoir plus sur le GIE</a></div>
</div>



<hr class="wp-block-separator has-text-color has-background has-pale-cyan-blue-background-color has-pale-cyan-blue-color is-style-default"/>



<div class="wp-block-media-text alignwide has-black-color has-text-color" style="grid-template-columns:15% auto"><figure class="wp-block-media-text__media"><img loading="lazy" width="451" height="642" src="http://cereco.net/web/wp-content/uploads/2022/08/Plaquette_p1.png" alt="" class="wp-image-4007 size-full" srcset="https://cereco.net/web/wp-content/uploads/2022/08/Plaquette_p1.png 451w, https://cereco.net/web/wp-content/uploads/2022/08/Plaquette_p1-211x300.png 211w" sizes="(max-width: 451px) 100vw, 451px" /></figure><div class="wp-block-media-text__content">
<blockquote class="wp-block-quote"><p><strong>Plaquette de la CERC Grand Est</strong> &#x1f4c3;</p><cite><a href="http://cereco.net/web/wp-content/uploads/2022/08/Plaquette-presentat°-VF.pdf" target="_blank" rel="noreferrer noopener">Téléchargez</a> notre plaquette de présentation pour découvrir, faire découvrir et partager notre expertise dans vos réseaux ! </cite></blockquote>
</div></div>



<hr class="wp-block-separator has-text-color has-background has-pale-cyan-blue-background-color has-pale-cyan-blue-color is-style-default"/>

<p>La Cellule Economique Régionale de la Construction Grand Est &#x1f4ca; Association régie par la loi du 19 avril 1908. Connue sous le nom de CERC Grand Est depuis 2018, elle résulte de la fusion des Cellules Economiques Régionales de la Construction des trois ex-régions : CEBTP Alsace, CERC Champagne-Ardenne et CERECO Lorraine, elles-mêmes crées dans [&hellip;]</p>
