{"id":2,"date":"2016-01-13T13:59:24","date_gmt":"2016-01-13T12:59:24","guid":{"rendered":"http:\/\/cereco.net\/web\/?page_id=2"},"modified":"2022-07-09T10:12:05","modified_gmt":"2022-07-09T09:12:05","slug":"page-d-exemple","status":"publish","type":"page","link":"https:\/\/cereco.net\/web\/index.php\/page-d-exemple\/","title":{"rendered":"Publications"},"content":{"rendered":"<p>Nos publications en acc\u00e8s libre :<\/p>\n<ul>\n<li>\n<h3><span style=\"color: #808080;\"><a style=\"color: #808080;\" href=\"http:\/\/cereco.net\/web\/index.php\/notes-de-conjoncture\/\">Notes de conjoncture<\/a><\/span><\/h3>\n<\/li>\n<li>\n<h3><span style=\"color: #808080;\"><a style=\"color: #808080;\" href=\"http:\/\/cereco.net\/web\/index.php\/emploi-formation\/\">Emploi-Formation<\/a><\/span><\/h3>\n<\/li>\n<li>\n<h3><span style=\"color: #808080;\"><a style=\"color: #808080;\" href=\"http:\/\/cereco.net\/web\/index.php\/batiment-durable\/\">B\u00e2timent Durable<\/a><\/span><\/h3>\n<\/li>\n<li>\n<h3><span style=\"color: #808080;\"><a style=\"color: #808080;\" href=\"http:\/\/cereco.net\/web\/index.php\/etudes-ponctuelles\/\">Etudes Ponctuelles<\/a><\/span><\/h3>\n<\/li>\n<\/ul>\n<p>Nos publications en acc\u00e8s priv\u00e9 (r\u00e9serv\u00e9 aux membres) :<\/p>\n<ul>\n<li>\n<h3><span style=\"color: #808080;\"><a style=\"color: #808080;\" href=\"http:\/\/cereco.net\/web\/index.php\/notes-de-conjoncture\/\">Notes de conjoncture<\/a><\/span><\/h3>\n<\/li>\n<li>\n<h3><span style=\"color: #808080;\"><a style=\"color: #808080;\" href=\"http:\/\/cereco.net\/web\/index.php\/emploi-formation\/\">Emploi-Formation<\/a><\/span><\/h3>\n<\/li>\n<li>\n<h3><span style=\"color: #808080;\"><a style=\"color: #808080;\" href=\"http:\/\/cereco.net\/web\/index.php\/batiment-durable\/\">B\u00e2timent Durable<\/a><\/span><\/h3>\n<\/li>\n<\/ul>\n<ul>\n<li>\n<h3><span style=\"color: #808080;\"><a style=\"color: #808080;\" href=\"http:\/\/cereco.net\/web\/index.php\/comptes-de-production\/\">Observatoire de la Commande Publique<\/a><\/span><\/h3>\n<\/li>\n<li>\n<h3><span style=\"color: #808080;\"><a style=\"color: #808080;\" href=\"http:\/\/cereco.net\/web\/index.php\/comptes-de-production\/\">Comptes de Production B\u00e2timent<\/a><\/span><\/h3>\n<\/li>\n<li>\n<h3><span style=\"color: #808080;\"><a style=\"color: #808080;\" href=\"http:\/\/cereco.net\/web\/index.php\/observatoire-des-dechets-du-btp\/\">Observatoire des d\u00e9chets et mat\u00e9riaux du BTP<\/a><\/span><\/h3>\n<\/li>\n<li>\n<h3><span style=\"color: #808080;\"><a style=\"color: #808080;\" href=\"http:\/\/cereco.net\/web\/index.php\/depenses-de-btp-des-collectivites-territoriales\/\">D\u00e9penses de BTP des collectivit\u00e9s territoriales<\/a><\/span><\/h3>\n<\/li>\n<li>\n<h3><span style=\"color: #808080;\"><a style=\"color: #808080;\" href=\"http:\/\/cereco.net\/web\/index.php\/etudes-ponctuelles\/\">Etudes Ponctuelles<\/a><\/span><\/h3>\n<\/li>\n<\/ul>\n<p>A NOTER : pour chaque rubrique, des \u00e9tudes compl\u00e9mentaires sont accessibles aux membres.<\/p>\n","protected":false},"excerpt":{"rendered":"<p>Nos publications en acc\u00e8s libre : Notes de conjoncture Emploi-Formation B\u00e2timent Durable Etudes Ponctuelles Nos publications en acc\u00e8s priv\u00e9 (r\u00e9serv\u00e9 aux membres) : Notes de conjoncture Emploi-Formation B\u00e2timent Durable Observatoire de la Commande Publique Comptes de Production B\u00e2timent Observatoire des d\u00e9chets et mat\u00e9riaux du BTP D\u00e9penses de BTP des collectivit\u00e9s territoriales Etudes Ponctuelles A NOTER [&hellip;]<\/p>\n","protected":false},"author":1,"featured_media":0,"parent":0,"menu_order":0,"comment_status":"closed","ping_status":"open","template":"","meta":[],"_links":{"self":[{"href":"https:\/\/cereco.net\/web\/index.php\/wp-json\/wp\/v2\/pages\/2"}],"collection":[{"href":"https:\/\/cereco.net\/web\/index.php\/wp-json\/wp\/v2\/pages"}],"about":[{"href":"https:\/\/cereco.net\/web\/index.php\/wp-json\/wp\/v2\/types\/page"}],"author":[{"embeddable":true,"href":"https:\/\/cereco.net\/web\/index.php\/wp-json\/wp\/v2\/users\/1"}],"replies":[{"embeddable":true,"href":"https:\/\/cereco.net\/web\/index.php\/wp-json\/wp\/v2\/comments?post=2"}],"version-history":[{"count":10,"href":"https:\/\/cereco.net\/web\/index.php\/wp-json\/wp\/v2\/pages\/2\/revisions"}],"predecessor-version":[{"id":3828,"href":"https:\/\/cereco.net\/web\/index.php\/wp-json\/wp\/v2\/pages\/2\/revisions\/3828"}],"wp:attachment":[{"href":"https:\/\/cereco.net\/web\/index.php\/wp-json\/wp\/v2\/media?parent=2"}],"curies":[{"name":"wp","href":"https:\/\/api.w.org\/{rel}","templated":true}]}}