{"id":1062,"date":"2016-01-26T15:26:50","date_gmt":"2016-01-26T14:26:50","guid":{"rendered":"http:\/\/cereco.net\/web\/?page_id=1062"},"modified":"2022-08-22T17:30:34","modified_gmt":"2022-08-22T16:30:34","slug":"conjoncture-et-prevision","status":"publish","type":"page","link":"https:\/\/cereco.net\/web\/index.php\/conjoncture-et-prevision\/","title":{"rendered":"Conjoncture et pr\u00e9vision"},"content":{"rendered":"\n<div class=\"wp-block-media-text alignwide is-stacked-on-mobile\" style=\"grid-template-columns:30% auto\"><figure class=\"wp-block-media-text__media\"><img loading=\"lazy\" width=\"421\" height=\"583\" src=\"http:\/\/cereco.net\/web\/wp-content\/uploads\/2022\/08\/Conj.png\" alt=\"\" class=\"wp-image-4196 size-full\" srcset=\"https:\/\/cereco.net\/web\/wp-content\/uploads\/2022\/08\/Conj.png 421w, https:\/\/cereco.net\/web\/wp-content\/uploads\/2022\/08\/Conj-217x300.png 217w\" sizes=\"(max-width: 421px) 100vw, 421px\" \/><\/figure><div class=\"wp-block-media-text__content\">\n<p class=\"has-medium-font-size\"><strong>L&rsquo;essentiel de la conjoncture mensuelle &#8211; <\/strong><\/p>\n\n\n\n<p class=\"has-medium-font-size\"><strong>Fili\u00e8re Construction <\/strong><\/p>\n\n\n\n<p class=\"has-drop-cap\">V\u00e9ritable rendez-vous des partenaires pour suivre et appr\u00e9cier de fa\u00e7on r\u00e9guli\u00e8re les derni\u00e8res tendances <strong>r\u00e9gionales<\/strong> et <strong>d\u00e9partementales<\/strong> du secteur Construction. Les notes de conjoncture mensuelles synth\u00e9tisent le suivi des indicateurs cl\u00e9s de mesure de l&rsquo;activit\u00e9 : mises en chantiers de logements \/ locaux, carnet de commande des Travaux Publics, production de B\u00e9ton Pr\u00eat \u00e0 l&rsquo;Emploi, appareil de production &#8230; <\/p>\n\n\n\n<p>Derni\u00e8re publication r\u00e9gionale \u00e0 t\u00e9l\u00e9charger <a href=\"http:\/\/cereco.net\/web\/wp-content\/uploads\/2022\/08\/GE_aout2022.pdf\" target=\"_blank\" rel=\"noreferrer noopener\">ici<\/a><\/p>\n\n\n\n<p>Publication nationale \u00e0 consulter <a rel=\"noreferrer noopener\" href=\"http:\/\/www.cerc-actu.com\/\" target=\"_blank\">ici<\/a> <\/p>\n\n\n\n<p>Publications d\u00e9partementales accessibles aux <a href=\"http:\/\/cereco.net\/web\/index.php\/login\/\" target=\"_blank\" rel=\"noreferrer noopener\">Membres<\/a><\/p>\n<\/div><\/div>\n\n\n\n<hr class=\"wp-block-separator is-style-default\"\/>\n\n\n\n<p class=\"has-text-align-center has-medium-font-size\"><strong>Pr\u00e9c\u00e9dentes publications<\/strong> <\/p>\n\n\n\n<p class=\"has-text-align-center\"><a rel=\"noreferrer noopener\" href=\"http:\/\/cereco.net\/web\/wp-content\/uploads\/2022\/08\/GE_juillet2022.pdf\" target=\"_blank\">Juillet 2022<\/a> <span style=\"font-size: revert; color: initial;\">\u2022<\/span> <a rel=\"noreferrer noopener\" href=\"http:\/\/cereco.net\/web\/wp-content\/uploads\/2022\/08\/GE_juin2022.pdf\" target=\"_blank\">Juin 2022<\/a> <span style=\"font-size: revert; color: initial;\">\u2022<\/span> <a rel=\"noreferrer noopener\" href=\"http:\/\/cereco.net\/web\/wp-content\/uploads\/2022\/08\/GE_mai2022.pdf\" target=\"_blank\">Mai 2022<\/a> <span style=\"font-size: revert; color: initial;\">\u2022<\/span> <a rel=\"noreferrer noopener\" href=\"http:\/\/cereco.net\/web\/wp-content\/uploads\/2022\/08\/GE_avril2022.pdf\" target=\"_blank\">Avril 2022<\/a> <span style=\"font-size: revert; color: initial;\">\u2022<\/span> <a rel=\"noreferrer noopener\" href=\"http:\/\/cereco.net\/web\/wp-content\/uploads\/2022\/08\/GE_mars2022.pdf\" target=\"_blank\">Mars 2022<\/a> <span style=\"font-size: revert; color: initial;\">\u2022<\/span> <a rel=\"noreferrer noopener\" href=\"http:\/\/cereco.net\/web\/wp-content\/uploads\/2022\/08\/GE_fevrier2022.pdf\" target=\"_blank\">F\u00e9vrier 2022<\/a> <span style=\"font-size: revert; color: initial;\">\u2022<\/span> <a href=\"http:\/\/cereco.net\/web\/wp-content\/uploads\/2022\/08\/GE_janvier22.pdf\" target=\"_blank\" rel=\"noreferrer noopener\">Janvier 2022<\/a>  <\/p>\n\n\n\n<hr class=\"wp-block-separator is-style-default\"\/>\n\n\n\n<div style=\"height:20px\" aria-hidden=\"true\" class=\"wp-block-spacer\"><\/div>\n\n\n\n<div class=\"wp-block-media-text alignwide is-stacked-on-mobile\" style=\"grid-template-columns:30% auto\"><figure class=\"wp-block-media-text__media\"><img loading=\"lazy\" width=\"417\" height=\"594\" src=\"http:\/\/cereco.net\/web\/wp-content\/uploads\/2022\/08\/ETP.png\" alt=\"\" class=\"wp-image-4212 size-full\" srcset=\"https:\/\/cereco.net\/web\/wp-content\/uploads\/2022\/08\/ETP.png 417w, https:\/\/cereco.net\/web\/wp-content\/uploads\/2022\/08\/ETP-211x300.png 211w\" sizes=\"(max-width: 417px) 100vw, 417px\" \/><\/figure><div class=\"wp-block-media-text__content\">\n<p class=\"has-medium-font-size\"><strong>Barom\u00e8tre d&rsquo;activit\u00e9 des Travaux Publics Grand Est<\/strong><\/p>\n\n\n\n<p class=\"has-drop-cap\">La CERC produit un suivi semestriel de l&rsquo;activit\u00e9 des entreprises de TP dans le Grand Est. La note synth\u00e9tique permet d&rsquo;appr\u00e9cier l&rsquo;activit\u00e9 r\u00e9cente et les perspectives \u00e0 venir pour les diff\u00e9rentes sp\u00e9cialit\u00e9s des TP. <\/p>\n\n\n\n<p><\/p>\n\n\n\n<p> Derni\u00e8re publication accessible aux <a href=\"http:\/\/cereco.net\/web\/index.php\/conj-et-previsions\/\">Membres<\/a> <\/p>\n<\/div><\/div>\n\n\n\n<hr class=\"wp-block-separator is-style-default\"\/>\n\n\n\n<div style=\"height:20px\" aria-hidden=\"true\" class=\"wp-block-spacer\"><\/div>\n","protected":false},"excerpt":{"rendered":"<p>L&rsquo;essentiel de la conjoncture mensuelle &#8211; Fili\u00e8re Construction V\u00e9ritable rendez-vous des partenaires pour suivre et appr\u00e9cier de fa\u00e7on r\u00e9guli\u00e8re les derni\u00e8res tendances r\u00e9gionales et d\u00e9partementales du secteur Construction. Les notes de conjoncture mensuelles synth\u00e9tisent le suivi des indicateurs cl\u00e9s de mesure de l&rsquo;activit\u00e9 : mises en chantiers de logements \/ locaux, carnet de commande des [&hellip;]<\/p>\n","protected":false},"author":1,"featured_media":0,"parent":0,"menu_order":0,"comment_status":"closed","ping_status":"closed","template":"","meta":[],"_links":{"self":[{"href":"https:\/\/cereco.net\/web\/index.php\/wp-json\/wp\/v2\/pages\/1062"}],"collection":[{"href":"https:\/\/cereco.net\/web\/index.php\/wp-json\/wp\/v2\/pages"}],"about":[{"href":"https:\/\/cereco.net\/web\/index.php\/wp-json\/wp\/v2\/types\/page"}],"author":[{"embeddable":true,"href":"https:\/\/cereco.net\/web\/index.php\/wp-json\/wp\/v2\/users\/1"}],"replies":[{"embeddable":true,"href":"https:\/\/cereco.net\/web\/index.php\/wp-json\/wp\/v2\/comments?post=1062"}],"version-history":[{"count":49,"href":"https:\/\/cereco.net\/web\/index.php\/wp-json\/wp\/v2\/pages\/1062\/revisions"}],"predecessor-version":[{"id":4241,"href":"https:\/\/cereco.net\/web\/index.php\/wp-json\/wp\/v2\/pages\/1062\/revisions\/4241"}],"wp:attachment":[{"href":"https:\/\/cereco.net\/web\/index.php\/wp-json\/wp\/v2\/media?parent=1062"}],"curies":[{"name":"wp","href":"https:\/\/api.w.org\/{rel}","templated":true}]}}

Conjoncture et prévision

<div class="wp-block-media-text alignwide is-stacked-on-mobile" style="grid-template-columns:30% auto"><figure class="wp-block-media-text__media"><img loading="lazy" width="421" height="583" src="http://cereco.net/web/wp-content/uploads/2022/08/Conj.png" alt="" class="wp-image-4196 size-full" srcset="https://cereco.net/web/wp-content/uploads/2022/08/Conj.png 421w, https://cereco.net/web/wp-content/uploads/2022/08/Conj-217x300.png 217w" sizes="(max-width: 421px) 100vw, 421px" /></figure><div class="wp-block-media-text__content">
<p class="has-medium-font-size"><strong>L&rsquo;essentiel de la conjoncture mensuelle &#8211; </strong></p>



<p class="has-medium-font-size"><strong>Filière Construction </strong></p>



<p class="has-drop-cap">Véritable rendez-vous des partenaires pour suivre et apprécier de façon régulière les dernières tendances <strong>régionales</strong> et <strong>départementales</strong> du secteur Construction. Les notes de conjoncture mensuelles synthétisent le suivi des indicateurs clés de mesure de l&rsquo;activité : mises en chantiers de logements / locaux, carnet de commande des Travaux Publics, production de Béton Prêt à l&rsquo;Emploi, appareil de production &#8230; </p>



<p>Dernière publication régionale à télécharger <a href="http://cereco.net/web/wp-content/uploads/2022/08/GE_aout2022.pdf" target="_blank" rel="noreferrer noopener">ici</a></p>



<p>Publication nationale à consulter <a rel="noreferrer noopener" href="http://www.cerc-actu.com/" target="_blank">ici</a> </p>



<p>Publications départementales accessibles aux <a href="http://cereco.net/web/index.php/login/" target="_blank" rel="noreferrer noopener">Membres</a></p>
</div></div>



<hr class="wp-block-separator is-style-default"/>



<p class="has-text-align-center has-medium-font-size"><strong>Précédentes publications</strong> </p>



<p class="has-text-align-center"><a rel="noreferrer noopener" href="http://cereco.net/web/wp-content/uploads/2022/08/GE_juillet2022.pdf" target="_blank">Juillet 2022</a> <span style="font-size: revert; color: initial;">•</span> <a rel="noreferrer noopener" href="http://cereco.net/web/wp-content/uploads/2022/08/GE_juin2022.pdf" target="_blank">Juin 2022</a> <span style="font-size: revert; color: initial;">•</span> <a rel="noreferrer noopener" href="http://cereco.net/web/wp-content/uploads/2022/08/GE_mai2022.pdf" target="_blank">Mai 2022</a> <span style="font-size: revert; color: initial;">•</span> <a rel="noreferrer noopener" href="http://cereco.net/web/wp-content/uploads/2022/08/GE_avril2022.pdf" target="_blank">Avril 2022</a> <span style="font-size: revert; color: initial;">•</span> <a rel="noreferrer noopener" href="http://cereco.net/web/wp-content/uploads/2022/08/GE_mars2022.pdf" target="_blank">Mars 2022</a> <span style="font-size: revert; color: initial;">•</span> <a rel="noreferrer noopener" href="http://cereco.net/web/wp-content/uploads/2022/08/GE_fevrier2022.pdf" target="_blank">Février 2022</a> <span style="font-size: revert; color: initial;">•</span> <a href="http://cereco.net/web/wp-content/uploads/2022/08/GE_janvier22.pdf" target="_blank" rel="noreferrer noopener">Janvier 2022</a>  </p>



<hr class="wp-block-separator is-style-default"/>



<div style="height:20px" aria-hidden="true" class="wp-block-spacer"></div>



<div class="wp-block-media-text alignwide is-stacked-on-mobile" style="grid-template-columns:30% auto"><figure class="wp-block-media-text__media"><img loading="lazy" width="417" height="594" src="http://cereco.net/web/wp-content/uploads/2022/08/ETP.png" alt="" class="wp-image-4212 size-full" srcset="https://cereco.net/web/wp-content/uploads/2022/08/ETP.png 417w, https://cereco.net/web/wp-content/uploads/2022/08/ETP-211x300.png 211w" sizes="(max-width: 417px) 100vw, 417px" /></figure><div class="wp-block-media-text__content">
<p class="has-medium-font-size"><strong>Baromètre d&rsquo;activité des Travaux Publics Grand Est</strong></p>



<p class="has-drop-cap">La CERC produit un suivi semestriel de l&rsquo;activité des entreprises de TP dans le Grand Est. La note synthétique permet d&rsquo;apprécier l&rsquo;activité récente et les perspectives à venir pour les différentes spécialités des TP. </p>



<p></p>



<p> Dernière publication accessible aux <a href="http://cereco.net/web/index.php/conj-et-previsions/">Membres</a> </p>
</div></div>



<hr class="wp-block-separator is-style-default"/>



<div style="height:20px" aria-hidden="true" class="wp-block-spacer"></div>

<p>L&rsquo;essentiel de la conjoncture mensuelle &#8211; Filière Construction Véritable rendez-vous des partenaires pour suivre et apprécier de façon régulière les dernières tendances régionales et départementales du secteur Construction. Les notes de conjoncture mensuelles synthétisent le suivi des indicateurs clés de mesure de l&rsquo;activité : mises en chantiers de logements / locaux, carnet de commande des [&hellip;]</p>
